o) = -3*o**2 - 18931*o + 208578. Determine h(11).
-26
Let m(t) = -999*t + 66. Calculate m(0).
66
Let w(r) = -6*r**2 + 46*r + 51. Determine w(12).
-261
Let l(k) = 5*k**3 - 64*k**2 - 112*k - 52. Calculate l(14).
-444
Let c(l) = 1177*l + 54070. What is c(-46)?
-72
Let t(k) = -4*k**2 + 70*k + 8339. Give t(56).
-285
Let p(x) = x**2 + 395*x + 28602. What is p(-97)?
-304
Let a(o) = o**3 + 26*o**2 - 646*o - 6325. Give a(-8).
-5
Let v(m) = 86405*m + 172912. Determine v(-2).
102
Let q(f) = 3173*f - 22293. Calculate q(7).
-82
Let c(z) = -10*z**3 + 992*z**2 - 187*z - 702. Give c(99).
387
Let b(q) = 2*q**3 + 141*q**2 - 514*q + 287. Calculate b(-74).
-9
Let j(x) = 6823*x + 41049. Calculate j(-6).
111
Let j(o) = -o**2 + 925*o - 151149. Give j(212).
7
Let n(g) = -g**3 + 181*g**2 - 707*g - 573. Determine n(177).
-396
Let s(v) = v**3 + 14*v**2 + 106*v + 546. Determine s(-8).
82
Let a(b) = -b**2 - 45*b - 199. Give a(-47).
-293
Let d(v) = 7*v**3 - 122*v**2 - 81*v + 151. Determine d(18).
-11
Let u(d) = 18*d**2 + 1183*d + 129. What is u(-65)?
-716
Let y(f) = f**3 + 138*f**2 - 2290*f + 698. Calculate y(-153).
-67
Let i(p) = 8576*p - 17098. Calculate i(2).
54
Let r(o) = -26609*o - 1703016. Determine r(-64).
-40
Let s(c) = -2928*c - 120070. What is s(-41)?
-22
Let o(i) = -2*i**3 - 339*i**2 - 209*i - 7059. Give o(-169).
-299
Let y(n) = 3651*n + 98527. Give y(-27).
-50
Let u(o) = 5247*o - 51261. Give u(10).
1209
Let o(b) = -b**3 - 219*b**2 - 414*b + 4261. Determine o(-217).
-79
Let u(g) = 148*g**3 + 318795*g**2 + 6458*g - 8610. Give u(-2154).
6
Let f(r) = -6*r**3 + 243*r**2 - 1225*r - 83. Give f(6).
19
Let c(n) = -5395*n + 5479. Give c(1).
84
Let j(w) = 9*w**2 - 90*w - 755. What is j(-12)?
1621
Let x(v) = -v**2 + 1230*v + 208534. Determine x(-151).
3
Let n(z) = -3*z**2 + 1016*z + 113162. Determine n(427).
7
Let q(u) = 127432*u - 27525316. Calculate q(216).
-4
Let u(s) = -2*s**3 - 139*s**2 - 57*s + 872. Give u(-69).
44
Let a(z) = z**2 - 520*z + 58286. What is a(163)?
95
Let r(y) = -y**3 + 27*y**2 + 35*y - 95. Give r(28).
101
Let d(v) = -v**3 - 1180*v**2 + 22792*v + 13160. What is d(-1199)?
-29
Let y(b) = 29376*b - 8989055. Give y(306).
1
Let c(r) = -r**2 - 45*r - 293. Give c(-30).
157
Let m(n) = -3*n**2 + 366*n - 8899. What is m(96)?
-1411
Let w(i) = 2*i**2 + 1947*i - 91425. Calculate w(45).
240
Let v(a) = 57*a - 17422. Calculate v(297).
-493
Let s(x) = -35*x - 362. What is s(6)?
-572
Let z(t) = -t**3 + 371*t**2 - 5762*t + 1305. Give z(16).
-7
Let s(r) = -r**2 + 6203*r - 471829. Determine s(77).
-127
Let t(m) = 2*m**2 + 13*m - 56077. Determine t(-171).
182
Let p(n) = n**2 + 6092*n + 72933. Determine p(-12).
-27
Let k(d) = -871*d - 18291. Calculate k(-21).
0
Let m(n) = -2*n**3 - 34*n**2 - 2430*n - 44238. Calculate m(-18).
150
Let u(o) = o**3 + 40*o**2 + 348*o - 2. What is u(-25)?
673
Let j(k) = 903*k + 37757. What is j(-42)?
-169
Let d(p) = 6*p**2 - 333*p - 17058. Give d(87).
-615
Let o(w) = -7*w**2 + 1575*w - 4478. Determine o(222).
184
Let w(r) = 2*r**3 + 44*r**2 - 1169*r + 62. What is w(-37)?
2245
Let k(q) = q**3 - 5*q**2 - 165*q - 27. What is k(15)?
-252
Let r(o) = 2*o**3 + 304*o**2 - 304*o + 343. Determine r(-153).
37
Let w(l) = l**3 + l**2 - 39210*l + 117599. Give w(3).
5
Let u(h) = -9*h**3 - 5*h**2 + 19*h - 149. What is u(0)?
-149
Let h(i) = -2379*i - 216576. Give h(-91).
-87
Let a(d) = -11305*d - 180881. Determine a(-16).
-1
Let g(c) = 15899*c - 9253213. Calculate g(582).
5
Let r(w) = -67*w**2 + 7834*w + 585. Determine r(117).
0
Let i(b) = -5*b**2 + 765*b - 19795. What is i(33)?
5
Let b(m) = 69003*m + 551934. Determine b(-8).
-90
Let u(q) = -2*q**2 - 2845*q + 636. Determine u(0).
636
Let q(c) = 1941*c - 1271346. Determine q(655).
9
Let q(c) = -c**3 - 53*c**2 - 12*c + 1673. Calculate q(-51).
-2917
Let l(n) = 2*n**3 + 69*n**2 - 121*n - 420. What is l(-36)?
48
Let t(w) = 3212*w + 18038. Calculate t(-8).
-7658
Let r(q) = -q**3 - 98*q**2 + 2343*q + 326. Determine r(20).
-14
Let g(k) = -6*k**3 + 5083*k**2 - 846*k - 857. Determine g(847).
-10
Let f(a) = 15*a**3 - 1280*a**2 + 7169*a - 182. Give f(6).
-8
Let i(w) = 98588*w - 1479166. What is i(15)?
-346
Let g(n) = 64*n - 6397. Calculate g(99).
-61
Let b(c) = -52*c**2 + 1143*c + 635. What is b(24)?
-1885
Let n(x) = 3*x**3 - 8*x**2 + 300*x - 564. Determine n(2).
28
Let a(w) = 4*w**3 - 4*w**2 - 157*w + 160. Calculate a(1).
3
Let o(f) = -f**2 + 3871*f - 898274. What is o(248)?
230
Let o(d) = d**3 + 3*d**2 - 73*d - 54. Calculate o(-7).
261
Let q(u) = 2*u**3 + 6781*u**2 - 13453*u - 230. Calculate q(2).
4
Let n(x) = 2043*x - 46988. Give n(23).
1
Let h(m) = 80*m - 711. Determine h(-4).
-1031
Let z(j) = -2836*j - 14192. Calculate z(-5).
-12
Let b(l) = -1994*l + 115623. Give b(58).
-29
Let z(w) = 2*w**2 - 4229*w - 42346. Calculate z(-10).
144
Let m(u) = -u**3 - 115*u**2 - 1138*u + 650. What is m(-104)?
26
Let t(g) = 5*g**3 + 88*g**2 + 59*g - 50. What is t(-17)?
-186
Let m(a) = 2*a**2 - 98*a - 1. What is m(9)?
-721
Let u(w) = -w**3 - 247*w**2 - 377*w + 27719. Calculate u(-245).
34
Let l(g) = 42*g**2 + 21588*g + 61. Calculate l(-514).
61
Let w(k) = -2*k**2 + 105*k - 105. Determine w(38).
997
Let m(g) = -2*g**2 + 12*g + 1135. Give m(-21).
1
Let x(u) = -2047*u**2 - 38898*u - 94. Give x(-19).
1
Let b(g) = -13267*g - 134625. Calculate b(-10).
-1955
Let y(d) = d**3 - 280*d**2 + 6210*d + 31019. Calculate y(29).
18
Let t(w) = w**3 - 33*w**2 + 42*w - 2550. What is t(34)?
34
Let w(v) = -30*v**3 + 168*v**2 - 164*v - 8. Determine w(1).
-34
Let p(b) = 14292*b - 185794. Calculate p(13).
2
Let q(h) = -167*h + 14738. What is q(88)?
42
Let d(o) = 79*o**2 - 2499*o + 7351. What is d(3)?
565
Let c(k) = -2*k**2 - 35*k + 4119. What is c(37)?
86
Let z(v) = 2134*v**2 + 4272*v - 3. Give z(-2).
-11
Let y(n) = -n**2 + 1858*n + 284013. Determine y(-142).
13
Let j(t) = -364*t**3 + 5101*t**2 - 69*t - 16. What is j(14)?
-2
Let q(t) = -2*t**2 + 223*t - 929. Calculate q(112).
-1041
Let x(i) = -204*i - 18168. What is x(-89)?
-12
Let j(x) = -3*x**2 + 1998*x - 34653. Calculate j(18).
339
Let a(n) = -557*n**3 + 2*n**2 + 4*n + 2. Calculate a(-1).
557
Let i(u) = 1068*u**2 - 2929*u - 18. Calculate i(3).
807
Let z(a) = -2*a**2 - 450*a - 5915. Calculate z(-211).
-7
Let o(c) = -385*c**2 - 4522*c + 99660. What is o(-23)?
1
Let r(c) = -109*c**2 + 632*c + 35. Determine r(6).
-97
Let y(k) = 62*k + 7896. Determine y(-108).
1200
Let y(n) = -5303*n + 36. Calculate y(0).
36
Let y(l) = 2*l**2 + 24582*l - 73730. Give y(3).
34
Let f(v) = 766*v**2 - 15263*v - 1123. Calculate f(20).
17
Let b(u) = 745*u + 4489. What is b(-6)?
19
Let j(l) = -3*l**3 + 30*l**2 - 3677*l + 40821. What is j(11)?
11
Let r(l) = -2*l**2 - 951*l + 138645. Determine r(117).
0
Let m(n) = 831*n - 32073. What is m(33)?
-4650
Let c(y) = -85*y + 928. Give c(-15).
2203
Let j(u) = -2218*u**2 + 28848*u - 166. What is j(13)?
16
Let l(q) = -1406*q - 21282. Calculate l(-15).
-192
Let h(b) = -b**3 + 35*b**2 - 46*b - 258. Give h(33).
402
Let d(u) = 3*u**2 + 775*u + 8166. Calculate d(-11).
4
Let q(x) = x**3 - 4*x**2 - 366*x + 1554. Calculate q(19).
15
Let t(x) = 1076790*x + 4307180. Give t(-4).
20
Let y(v) = 15984*v + 975026. Determine y(-61).
2
Let c(g) = -2*g**3 + 77*g**2 - 579*g + 51. Give c(9).
-381
Let w(d) = -985*d + 22644. Determine w(23).
-11
Let a(i) = -130*i**2 - 1692*i - 37. What is a(-13)?
-11
Let x(m) = m**3 + 94*m**2 + 517*m - 80. Calculate x(-88).
888
Let s(p) = -p**3 - 9*p**2 + 104*p + 635. Calculate s(-5).
15
Let o(n) = -22*n**2 - 381*n - 1449. Give o(-12).
-45
Let z(n) = 682*n + 74334. Determine z(-109).
-4
Let y(b) = -55599*b + 4225549. What is y(76)?
25
Let m(u) = 3*u**3 - 223*u**2 + 77*u - 963. Give m(74).
-741
Let m(i) = -i**3 - 16*i**2 + 577*i - 15313. What is m(-40)?
7
Let j(s) = -2513*s + 85441. Calculate j(34).
-1
Let w(z) = 14791*z + 4777492. Calculate w(-323).
-1
Let k(a) = -a**3 + 174*a**2 - 3250*a + 310. Determine k(153).
-5351
Let w(c) = -9824*c - 1571867. Determine w(-160).
-27
Let n(g) = -1431*g - 175991. Give n(-123).
22
Let t(s) = 15*s**3 - 7*s**2 + 25*s + 29. Determine t(-1).
-18
Let t(s) = 643*s - 3830. Calculate t(6).
28
Let p(a) = -154*a + 1281. Determine p(7).
203
Let b(o) = o**3 - 63*o**2 - 1218*o + 723. Calculate b(-16).
-13
Let k(h) = -72*h + 4169. Determine k(52).
425
Let i(s) = 150